 the prime factors of r?
2, 61
Suppose -350*o - 5682824 = -483*o. List the prime factors of o.
2, 7, 109
Let q = 17803 + -1853. List the prime factors of q.
2, 5, 11, 29
Let h = -41 + 47. Suppose 4*o = -2*a - 18, h = -0*a - 2*a - o. List the prime factors of 0 + (-1)/(a - 0) - -3.
2
Let q = 2 + 20. Suppose -2*b - 2*b + 2*t + 14 = 0, 5*b - q = -2*t. Suppose -b*x + 2*x = -84. List the prime factors of x.
2, 3, 7
Suppose 2*j + 5*g = 5613, 17*g + 2800 = j + 13*g. List the prime factors of j.
2, 701
What are the prime factors of ((-48)/7)/(484/(-215138))?
2, 3, 127
What are the prime factors of (-37084)/(-3) - (-216)/(-162)?
2, 3, 5, 103
Suppose 4*a - 2*k - 25760 = 0, a = -4*k + 5007 + 1460. List the prime factors of a.
17, 379
Let l = 928 + -955. Let t be ((-9)/12)/(1/100). Let j = l - t. List the prime factors of j.
2, 3
Let z(j) = -2131*j**2 - 15*j + 23. Let a(n) = -1066*n**2 - 7*n + 12. Let s(h) = 5*a(h) - 3*z(h). List the prime factors of s(1).
2, 7, 19
Let x = -3 + -1. Let z(w) = -173*w - 7. Let k be z(x). Suppose -k = -11*t + 426. List the prime factors of t.
101
Suppose 106344 = -405*c + 429*c. What are the prime factors of c?
3, 7, 211
Let c = -12662 + 26981. List the prime factors of c.
3, 37, 43
Let y be 79/2 - -7 - 1/(-2). Let m = -40 + y. Suppose 36 = m*j - 41. List the prime factors of j.
11
Let k(z) = -19*z + 45. Let q(l) = 38*l - 89. Let a(c) = -9*k(c) - 4*q(c). Let g be a(7). What are the prime factors of 3/7 + 6*1996/g?
11, 13
Suppose -17 + 1 = 4*l. Let a be (1 + 0)*(-2)/l*0. Suppose -784 = -a*u - 7*u. What are the prime factors of u?
2, 7
Let w be (662 + -11)*(-37 - 0). What are the prime factors of (-4)/10 + w/(-105)?
229
Let g(m) = 9*m - 15. Let k be g(4). Let b = k - 13. Suppose -2*a = b, -6*d + d = 5*a - 330. What are the prime factors of d?
2, 5, 7
Suppose -3*g + 6*g - 7644 = 0. Suppose -8*b - g = -6236. List the prime factors of b.
461
Let l be (-5600)/21 + (-4)/(-6). Let n = l + 1255. What are the prime factors of n?
23, 43
Let w(j) = -j**3 - 28*j**2 - 28*j - 61. Let f be w(-28). List the prime factors of f*(-7)/(-18 + -3).
241
Suppose 339*r = 348*r - 247437. List the prime factors of r.
19, 1447
Let s = 52 + 3. Let u = s - 55. Suppose u = 3*x - 3, -2*c - 4*x = -3*c + 86. List the prime factors of c.
2, 3, 5
Let o(v) = 16*v + 1. Let p be (-1)/(-6) + (-105)/(-18). Let c be o(p). Suppose 0 = -4*h - 5*g + 43 + c, 0 = -3*h + 2*g + 82. What are the prime factors of h?
2, 3, 5
Let k(p) = 1973*p + 16864. List the prime factors of k(32).
2, 5
List the prime factors of (76458/(-6))/((-8)/42 + (-10)/70).
3, 12743
Let d(x) = x**2 - 10*x - 7. Let z be d(8). Let a = 25 + z. What are the prime factors of (52 - (a + -3)) + 2?
5, 11
Suppose 6*y = 35 - 17. Let o(l) = 26*l - 5. Let x(u) = -26*u + 6. Let b(w) = y*o(w) + 2*x(w). List the prime factors of b(6).
3, 17
Let d = -44 - -52. Suppose -d*k - k - 9 = 0. Let o = k - -44. What are the prime factors of o?
43
Suppose x + 24 = -4*t - 50, -2*t = 5*x + 352. Let l be 2/6 - x/15. Suppose l*g = 3*g + 170. What are the prime factors of g?
5, 17
Let j(l) = 411*l - 639. What are the prime factors of j(25)?
2, 3, 11, 73
Let j(h) = 44*h**3 + 18*h**2 - 117*h + 45. What are the prime factors of j(10)?
5, 1787
Let q(r) = -2*r**3 - 24*r**2 - 95*r - 15. List the prime factors of q(-10).
5, 107
Let k be 4/(-14) - ((-2710)/(-35))/2. What are the prime factors of (-74904)/(-88) + (k/33 - -1)?
23, 37
Let s be (-3 + 4)/((-3)/267). Let j = s + 117. What are the prime factors of j?
2, 7
Let j be -121*(0 + 3/(-3)). Suppose 33 = 12*a - 9*a. Suppose -j = -l - a. List the prime factors of l.
2, 5, 11
Let a(l) = -l**3 + 8*l**2 + 16. Let f be a(8). Suppose -4*d - f = 0, 3*k = 2*d + 2*d + 553. List the prime factors of k.
179
Suppose -2*f + 4 = 2*m, f = 6*f + 3*m - 14. Suppose 4890 = f*r + 2*s, 2*s - 2440 = -0*r - 2*r. List the prime factors of r.
5, 7
Suppose -z - 6 = -0*z - 3*i, z - 22 = -4*i. Suppose 4*n - 4*b = 5*n - z, -2*n = -4*b. Suppose 0 = 2*q - n, 2*q = d - 3*d + 82. What are the prime factors of d?
2, 5
Suppose -4*c = -2*x - 10980, 29*c + 5*x + 8214 = 32*c. What are the prime factors of c?
2, 3, 229
Suppose -17540 = -25*j + 5*j. Let u = j - 400. What are the prime factors of u?
3, 53
Suppose -4*q - 89016 = -2*s, s + 63*q - 62*q = 44496. List the prime factors of s.
2, 5, 89
Let q(f) = -f**3 - 8*f**2 + 13*f - 15. Let o be q(-10). Suppose -60*x + 55 = -o*x. Suppose -x*h = -13*h + 140. What are the prime factors of h?
2, 5, 7
Let i be (-921)/(-24) + 3/(-8). List the prime factors of (i/3)/(8/408).
2, 17, 19
Let w = -9253 - -21430. List the prime factors of (w/22)/(-2 - 5/(-2)).
3, 41
Let i(m) = m**3 - 18*m**2 - 16*m - 59. Let g be i(19). List the prime factors of 590 - 1*(-1 - (-6)/g).
2, 3, 11
Suppose 0 = 571*g - 561*g - 86061 - 83109. List the prime factors of g.
3, 5639
Let i(u) = 91*u**3 - 3*u - 4. Let a be i(-2). Let y = a - -1179. List the prime factors of y.
3, 151
Let m = 52637 - 37474. What are the prime factors of m?
59, 257
Let l(p) = 9*p**2 - 29. Let d be l(-6). Let f = 420 - d. What are the prime factors of f?
5
Let w(b) = 110*b + 55. Suppose 124 = 17*d + 5. List the prime factors of w(d).
3, 5, 11
List the prime factors of 2615898/93 + 3*4/186.
2, 3, 293
Let g(r) = 5*r - 62. Let z be g(18). Let d(l) = 4*l**2 - 61*l - 115. What are the prime factors of d(z)?
13, 101
Suppose 3*f - 2594 = 5*l, 25*f - 3*l = 29*f - 3420. What are the prime factors of f?
2, 3, 11, 13
Suppose 0 = 2*h - 2*x - 8, 4*h + x + 199 = 195. Let p(l) = 2*l - 4. Let m be p(5). Suppose h = d - m - 23. What are the prime factors of d?
29
Let s(c) = -c**3 - 9*c**2 + 8*c + 5. Suppose -4*h - 2*x = 50, -h + 3*h - 3*x + 5 = 0. List the prime factors of s(h).
5
Let b = -9454 + 40323. What are the prime factors of b?
30869
Let a = 10879 + -5382. What are the prime factors of a?
23, 239
Let m(f) = -f + 11. Let c(j) = -4*j + 33. Let k(h) = -4*c(h) + 14*m(h). Let y be k(-5). List the prime factors of (y/10)/(8/740).
3, 37
What are the prime factors of (-188)/2350 - 6748760/(-125)?
2, 5, 5399
Let d(g) = g**2 + 8*g - 9. Suppose -4*h + 5*l = -8*h + 15, 2*h - 2*l - 12 = 0. Suppose h*p - 3*j = p - 56, 45 = -3*p + 3*j. What are the prime factors of d(p)?
2, 3
Suppose -25*z + 30*z + 3*l = 29, 3*z - 19 = -l. Suppose 3*t + y = 2461, -4*y - 27 = -z. List the prime factors of t.
2, 3, 137
Let v(o) = -o**3 + 13*o**2 + 25*o. Let d be v(17). Let b = d - -1325. List the prime factors of b.
2, 3, 11
Let z(q) = -14*q**3 - 3*q**2 - q - 14. Suppose 2*g + 8*i - 3*i - 9 = 0, i = 4*g + 15. What are the prime factors of z(g)?
2, 5, 17
Let z be (-27)/(-162) + (-55829)/(-6). Suppose o = -o - 3*y + 3723, -5*o - 5*y + z = 0. What are the prime factors of o?
2, 3, 5, 31
Let m(a) = -13*a + 29*a + a + 240. List the prime factors of m(0).
2, 3, 5
Let y be 5*1*6/(-10). What are the prime factors of 3*y/((-15)/85)?
3, 17
Let s be (6/12)/(2/8). Suppose -3*v - 2*i = -1317, -s*v = -3*i + 13 - 904. List the prime factors of v.
3, 7
Suppose 3*c - 574 = -4*b, 0 = c - 5*b + 94 - 298. Let d = c + 473. List the prime factors of d.
23, 29
Let b(x) = 63*x - 880. Let j be b(14). Suppose 3 = -d - 2*d. What are the prime factors of (1/d)/((j + 1)/(-15))?
5
Suppose 0 = -8*p + 9*p - 3*f - 5171, 4*f - 15513 = -3*p. What are the prime factors of p?
5171
Suppose 58*x - 173530 = 23*x. What are the prime factors of x?
2, 37, 67
Let z be (48/(-9)*1)/(4/(-12)). Let h(u) = -4 + z + 17 - 2 - 3*u. List the prime factors of h(-16).
3, 5
Let a(u) = -u - 3. Let k be a(-4). Suppose 4*r = q + 25990, -7*r = -5*r - 5*q - 12986. What are the prime factors of k/(-5) - r/(-90)?
2, 3
Suppose -4*w - 3*v + 5*v = -232, v = -4*w + 232. Suppose 7 - w = 17*k. List the prime factors of (-7189)/(-28) - k/(-4).
2
Let u(r) be the third derivative of -3*r**4/4 + 3*r**3 + 28*r**2. Let h be u(-5). Suppose 0 = 8*a - 17*a + h. What are the prime factors of a?
2, 3
Let j(y) = y**3 + 6*y**2 - 4*y + 23. Let q be j(-7). Suppose -3*r + 1676 = r + 5*o, -r + 419 = q*o. List the prime factors of r.
419
Suppose 4*t - 60 = 7*t. Let z = 17 + t. Let s = z + 46. What are the prime factors of s?
43
Suppose 11*i - 59410 = -7386 + 14482. List the prime factors of i.
2, 3023
Let j(z) = -z**2 + 15*z + 4. Let y be j(0). Suppose -4*b = 4*t -